/(-12)*(-42)/4. Let f = o + -1. Calculate the greatest common factor of 24 and f.
6
Let f(j) = 27*j**3 - 2*j**2 + j. Let q be f(1). Suppose -i = i - 26. What is the highest common factor of i and q?
13
Let l be (3390/(-9))/(-2) + (-6)/(-9). What is the highest common divisor of l and 21?
21
Let x(w) = 10*w - 4. Let a be x(2). Calculate the greatest common factor of 64 and a.
16
Suppose 2*u + 3*g = 256, -4*u + 504 = -0*u + 2*g. Suppose -u = -4*i + 35. What is the greatest common divisor of 16 and i?
8
Let b(v) = v + 17. Let o be b(-15). Let p be o/(-6) + (-75)/(-9). Calculate the highest common divisor of 40 and p.
8
Let o = 28 + -47. Let n = 29 + o. Calculate the greatest common factor of n and 4.
2
Let n(j) = j + 10. Let t be n(-7). Let d(h) = -4*h**3 - 4*h**2 - 3*h - 1. Let a be d(-2). What is the highest common divisor of a and t?
3
Let p = 50 - 32. Calculate the greatest common divisor of 126 and p.
18
Let x(h) = 2*h**3 + 8*h**2 - 3*h - 8. Let i be x(-4). What is the highest common divisor of 8 and i?
4
Let m(t) = 3*t**2 - t - 1. Let h be m(-1). Let b = 4 + -1. What is the highest common factor of h and b?
3
Suppose 0 = -5*o + 2*o + 6. Let h be o/(-3)*252/(-8). What is the greatest common divisor of h and 168?
21
Let u be (4 + -1)*7/3. Let j be -1 + 5 - (-4 + 2). Let c(t) = t**2 - 3*t + 3. Let p be c(j). Calculate the greatest common divisor of u and p.
7
Suppose 5*g = -0*g + 30. Let v be -3*1 + g/1. What is the highest common divisor of v and 9?
3
Let p = -14 + 26. Calculate the greatest common divisor of 60 and p.
12
Suppose 152 = 7*h + 68. What is the highest common factor of 12 and h?
12
Let m(o) = 73*o - 1. Let v be m(1). Suppose 4*u - u + 30 = 0. Let l(h) = -3*h - 6. Let x be l(u). Calculate the highest common divisor of x and v.
24
Let k(z) = -z**2 - 9*z - 9. Let y be -2 + (6/(-1) - -2). Let u be k(y). Calculate the highest common factor of u and 81.
9
Suppose -5*d + 2*u = -0*u - 66, 3*d - 2*u - 42 = 0. What is the greatest common divisor of d and 24?
12
Let z(f) = -12*f + 1. Let k be z(-1). Let n = 70 - 31. Calculate the highest common divisor of n and k.
13
Let z be (423/3)/(3/3). What is the greatest common divisor of 94 and z?
47
Let a be (3 + -2)*(-1 + 22). Calculate the highest common divisor of a and 189.
21
Let d = -5 - -11. Calculate the highest common factor of 2 and d.
2
Suppose 4 = -s + 37. Suppose 32 + 23 = 5*i. What is the highest common factor of i and s?
11
Let z(v) = -v**2 - 6*v - 5. Let k be z(-4). Suppose -6 = -2*a + 6. Let r = -3 + a. Calculate the highest common divisor of k and r.
3
Let l = -60 + 62. Calculate the greatest common factor of 16 and l.
2
Suppose 4*q - 2*h - 48 = 0, 0*q - 4*h + 30 = q. Suppose 1 = -5*u - 3*g, -4*g - 10 = g. Let s = u + 6. Calculate the highest common divisor of q and s.
7
Suppose 5*a = -5*w + 50, -16 = 4*w - 6*w - 4*a. Calculate the greatest common divisor of w and 8.
4
Suppose 0 = -m + 12 - 11. Let x = -3 + 6. Suppose -o + x*o = 2. What is the highest common divisor of m and o?
1
Let j(a) = -3*a**3 + 4*a**2 + 5*a + 5. Let y be j(-2). Calculate the greatest common factor of y and 7.
7
Suppose -58 = -2*c + 4*q, -5*c + c + 3*q = -131. What is the greatest common factor of c and 315?
35
Let u(t) = 4*t + 4. Let z be u(3). Suppose 2*s + z = 52. Suppose -2*a - 5*n - 55 = -134, 2*a + 2*n - 64 = 0. What is the greatest common divisor of s and a?
9
Let k(t) = -t**3 + 11*t**2 - t + 5. Let v be k(11). Let i be (-16)/v*108/16. What is the highest common divisor of 126 and i?
18
Let q = 12 + -7. What is the highest common factor of 35 and q?
5
Suppose 2*f - 8 = -4*w, -2*w + 48 = 5*f + w. Calculate the highest common divisor of 60 and f.
12
Let b = -99 + 315. What is the highest common divisor of 27 and b?
27
Let g(i) = -i**2 + 9*i - 15. Let p be g(8). Let s = 17 + p. Let l(y) = -12*y + 2. Let m be l(-4). What is the highest common factor of s and m?
10
Let d = 55 + 17. Let r = 25 + -17. Calculate the highest common divisor of r and d.
8
Let n be (-100)/(-8)*4/5. What is the greatest common factor of 35 and n?
5
Let w = 11 - 6. Suppose w*u + 17 = 62. What is the highest common factor of u and 99?
9
Let x = 7 - -17. Suppose 0 = 2*q + q - x. Calculate the greatest common divisor of 8 and q.
8
Let n = 59 - 11. Calculate the highest common divisor of n and 12.
12
Let k(h) = -2*h - 4. Let l be k(-5). Suppose 13 = j - 29. Calculate the greatest common divisor of j and l.
6
Suppose -143 = -2*r + 165. Calculate the highest common factor of 22 and r.
22
Let l(j) = -j**3 - 6*j**2 + 7*j - 1. Let n be l(-6). Let i = 11 + n. Let o = -4 - i. Calculate the greatest common factor of 7 and o.
7
Let u be 15/(-3) - 1*-3. Let d = u - -5. Let m = 11 + -5. Calculate the highest common factor of m and d.
3
Let p = 200 + -192. Calculate the greatest common factor of 3 and p.
1
Let j(v) = 6*v. Suppose 4*b = 2*o + 4, -2*o - 4 = -b + 2*b. Suppose -3*l + 12 = -b. Let c be j(l). What is the greatest common divisor of c and 6?
6
Suppose -z - z + 168 = 0. Suppose -6*m + 2*m - z = -4*j, -4 = 2*m. Calculate the greatest common factor of 171 and j.
19
Let d(x) = -2*x + 5*x + 5*x. Let g(m) = -m**2 - 8*m + 10. Let c be g(-9). Let j be d(c). Calculate the greatest common divisor of 2 and j.
2
Let a(c) = c**2. Let r be a(0). Suppose 0 = -r*g - g + 18. Calculate the greatest common factor of 9 and g.
9
Suppose -33*i = -39*i + 60. Let j be 0 - (-2 + 4 - 4). What is the highest common divisor of i and j?
2
Let k(a) = 3*a + 16. Let q be k(-5). Let v be 32 + 0/q - -2. Calculate the highest common factor of v and 102.
34
Suppose 3*t = t. Suppose -7*s + 3*s = y - 5, 5*s = 2*y + 16. Let n be 3/y + 6 + t. Calculate the greatest common divisor of 15 and n.
5
Let f be (-1 - 0)*-6*9. Let w be -2 + (60/3 - 3). Let s be ((-5)/w)/((-2)/36). Calculate the greatest common divisor of s and f.
6
Let b(h) = h + 5. Let w be b(-5). Suppose -4*a + w*r - 54 = 2*r, -85 = 5*a - r. Let j = -2 - a. What is the highest common factor of 56 and j?
14
Suppose -i + 0*i - 69 = -2*l, 3*l + 5*i - 123 = 0. What is the greatest common factor of l and 24?
12
Let c = 19 - 10. Suppose -p = -c + 1. Let x be 16*(0 + -2)/(-4). What is the highest common divisor of x and p?
8
Suppose 3*v = 12, 8*q - 3*q - 646 = -4*v. Let f = 9 + 5. Calculate the highest common factor of q and f.
14
Suppose 58 = 6*i - 2*i - 2*s, -2*i = -5*s - 33. Let z = i - 4. What is the greatest common factor of 10 and z?
10
Suppose -4*w - 5 - 43 = 0. Let v be w/(-9)*(-9)/(-2). What is the greatest common divisor of 4 and v?
2
Suppose -6*d - 20 = -d. Let v be 2/(d/(-6)) - -6. Calculate the highest common divisor of 63 and v.
9
Let t = 13 - 28. Let z be -3 + 5/(t/(-144)). What is the highest common divisor of z and 5?
5
Suppose 35*t - 81 = 32*t. What is the greatest common divisor of 189 and t?
27
Let u be (-2)/4*1710/(-2 + -3). Calculate the highest common factor of 9 and u.
9
Let m = 2 - 0. Let a(l) = 6*l**2 + l - 2. Let f be a(m). Let k be (f/15)/4*130. Calculate the highest common factor of k and 13.
13
Suppose -2*l = 5*m + 32 - 2, -4*m + 3*l - 24 = 0. Let w be -2 + (-4)/m*15. Let o be (-265)/(-4) - 2/w. What is the highest common divisor of 11 and o?
11
Let u = -5 + 10. Let q = 0 - u. Let n be (2 + q - 1)*-2. What is the highest common divisor of 32 and n?
8
Suppose -12 = -2*t - 2. Let v be ((-8)/(-20))/(2/t). Let k be (5 - v)*(23 - 5). Calculate the greatest common factor of k and 12.
12
Let h be (-1 + 1 - 1)*-51. Suppose -4*m + m + 51 = 0. Calculate the greatest common divisor of m and h.
17
Let j be 1389/9 - (-1)/(-3). What is the greatest common factor of 14 and j?
14
Let a = -51 + 75. Suppose 2*c + 5*r - 240 = -2*c, -r - 300 = -5*c. Calculate the greatest common factor of a and c.
12
Suppose 225 = 5*h - 0*h. Let c(b) = b**3 - 8*b**2 + 6*b + 1. Let f be c(7). Let z = 11 + f. What is the highest common factor of z and h?
5
Let k(s) be the third derivative of s**5/60 - s**4/12 + 2*s**3/3 + s**2. Let c be k(6). Calculate the highest common divisor of 252 and c.
28
Suppose -18 = -3*f - 3. Suppose f*j + 2*u = 12, -6*j + 2*j + 3*u = -28. What is the highest common divisor of 4 and j?
4
Suppose x = -2*x + 39. What is the highest common divisor of 104 and x?
13
Let o = -58 - -82. Suppose -o = -3*p + 6. 